Let z = 21/10 + -8/5. Let y(h) be the third derivative of 1/30*h**5 + 6*h**2 + 0 + z*h**3 + 0*h - 1/6*h**4. Calculate y(2).
3
Let d(s) = -5*s + 2. Let o(w) = -4*w + 2. Let b(q) = 5*d(q) - 6*o(q). Calculate b(-3).
1
Let i(r) = 4*r + 3. Suppose -3*q + 5*p - 9 = 0, -q + p = 5 - 2. Let l = -5 - q. What is i(l)?
-5
Let z = 10 + -12. Let s = 4 + z. Suppose s*c - 2*a = 6, 0*c - 3*c - 11 = 2*a. Let d(u) = 6*u**2. Calculate d(c).
6
Let m(n) be the second derivative of -n**2 + 2/3*n**3 - 7/12*n**4 + 2*n + 0 + 1/20*n**5. Let b = 11 + -5. Determine m(b).
-14
Let y(t) = 2*t + 25. Let f(h) = h + 13. Let b(o) = 5*f(o) - 3*y(o). Give b(-8).
-2
Suppose -4*p = -8*p + 16. Suppose p*g - 1 + 5 = 0. Let u(s) = -5*s**2 - 1. Give u(g).
-6
Suppose 0 = j - j + j. Suppose j = -2*n + 3 + 5. Let w(o) = o**3 - 5*o**2 + 7*o - 6. Calculate w(n).
6
Let v(s) = -s**2 + 16*s - 59. Let n be v(10). Let q(x) = -3*x - 2. Calculate q(n).
-5
Let v(q) = -7*q**3 - 6*q**2 + 2*q + 4. Let d(f) = f**3 - f. Let w(a) = -6*d(a) - v(a). Suppose -3*g = -6*g + 90. Suppose 0 = 6*l + g - 0. Give w(l).
1
Let d be (2 - (-9)/2)*2/(-1). Let u = d - -9. Let a(t) = t - 2 + 1 + 0*t. What is a(u)?
-5
Let u(d) = d**3 + 17*d**2 + 15*d - 34. Suppose -117*z + 118*z - 2*h + 26 = 0, 3*h = 2*z + 47. Determine u(z).
-18
Suppose 0*g + 4*g = 4. Suppose -7 = -6*w - 1. Let x(a) = -17*a + 11*a + 10*a - w. Calculate x(g).
3
Let j(w) be the first derivative of w**3/3 - w**2 + 7*w + 673. Determine j(2).
7
Let j(b) = b**2 - 5*b - 12. Let m(f) = f**2 - 7*f - 17. Let z(y) = -7*j(y) + 5*m(y). What is z(-2)?
-9
Let y(a) = -a**2 - 2*a + 3. Let h be -1*6/(-1 - 1). Suppose 0*j = -h*j + 6. Suppose 0 = j*l + 6. Determine y(l).
0
Let f = 202 - 200. Let s(x) = x**3 + x**2 - 5*x + 1. Determine s(f).
3
Suppose -13*h = -1 + 14. Let i(w) = 8*w. Give i(h).
-8
Suppose 4*o = -0*o - 8. Let u(a) = 10*a**3 - 6*a**2 + 11*a - 16. Let i(d) = -2*d**3 + d**2 - 2*d + 3. Let l(m) = 11*i(m) + 2*u(m). What is l(o)?
13
Let v = -1137 + 1145. Let g(m) be the second derivative of 5/6*m**3 + v*m - 1/12*m**4 + 5*m**2 + 0. Give g(7).
-4
Let h(u) = u**3 - u**2 + u. Let y be (-1)/(-2)*2 + (44 - -6). Suppose f = 52 - y. Give h(f).
1
Suppose -6*h - 9 = -3. Let f = -2 + h. Let w(z) = -z**3 + 3*z. Give w(f).
18
Let s(w) = -w**2 - 6*w - 4. Let r(k) = 2*k + 2 - 57 + 9. Let c be r(21). Give s(c).
4
Let n = -736 - -729. Let r(g) = 9*g + 57. What is r(n)?
-6
Let q(u) = u**3 - 4*u**2 - u + 2. Let t be q(5). Suppose 2*i - t = -4*g + 4*i, -26 = -5*g + 4*i. Let n(f) = -6 + g*f - 10*f**2 + 1 + 3 + 9*f**2. What is n(5)?
3
Let n = -3 + 4. Let v(q) = q. Let d(y) = -y**2 + 6*y + 1. Let z(c) = n*d(c) - 6*v(c). Calculate z(0).
1
Let o(f) = -f**3 + 5*f**2 - 2*f + 7. Let b be ((-10)/(-4))/(43/86). Calculate o(b).
-3
Let l(a) be the third derivative of -a**4/24 - 2*a**3/3 + 315*a**2. Calculate l(5).
-9
Let a(n) = 8*n**2 - 15*n**2 + 2*n + 1 - 4*n**2 + 7*n**2. Determine a(2).
-11
Let i be 5/2 + (6 - 66/12). Suppose -3*m + 20 = -5*j, 4*j = -5*m + i*m - 16. Let u(d) = d**2 - d - 19. What is u(m)?
-19
Let q(o) = -o**3 - 3*o**2 - 4*o - 2. Suppose 3*a + 10 = -5*b, 3*b + 10 = -2*b + 4*a. Give q(b).
2
Let w(c) = -c**3 - 7*c**2 - 2. Let a(i) = 2*i**2 + 4*i. Let y be a(-3). Let k = -13 + y. Let l be w(k). Let u(n) = -n**3 - 4*n**2 + 3*n + 3. Give u(l).
-11
Suppose -2*c = -5*g + 15, 9*g - 4*g + 5*c = 15. Let u(f) = 0*f - 4*f - 2*f - f**g + 6*f**2 - 4. Let n be -4 + (4 - 1) - -6. Calculate u(n).
-9
Let t(i) = -1 - 3*i + 12*i - 20*i**3 - 8*i. What is t(1)?
-20
Let k(p) = 24*p + 5 - 9*p**2 + 6*p - 20*p - p**3. Determine k(-10).
5
Suppose 21*b = -27*b + 432. Let w(m) = m - 18. Give w(b).
-9
Suppose 0 = 5*j + 2*j - 126. Let s = -13 + j. Let q(v) = s*v**3 - 3*v**3 + 5*v**2 + 6 - 3*v**3. Determine q(5).
6
Let b = 241 - 253. Let v(x) = x**2 + 13*x + 12. Determine v(b).
0
Let t = -37 - -39. Suppose 0 = t*c - 15 + 5. Let l(y) = y**3 - 6*y**2 + 5*y + 5. Give l(c).
5
Let a(z) = z**3 + z**2 - 6*z + 3. Let l(u) = u**3 + 2*u**2 - 7*u + 3. Let r(x) = 5*a(x) - 4*l(x). Determine r(4).
11
Let t(x) = -x**3 - 3*x**2 + 2*x + 6. Suppose -59 + 31 = 7*n. What is t(n)?
14
Let z(o) be the first derivative of o**6/120 + o**4/24 + o**3 + 8. Let f(h) be the third derivative of z(h). Suppose q + 3*q - 4 = 0. Give f(q).
4
Let m(u) = -29*u + 5. Let z(v) = 5*v - 1. Let j(k) = -4*m(k) - 22*z(k). Give j(4).
26
Let u(k) be the first derivative of -k**3/6 - k**2 - 60*k - 58. Let t(m) be the first derivative of u(m). Give t(-6).
4
Let w = -10 + 15. Suppose 0 = 2*y + 4*j - 20, j = w*y - 21 - 18. Suppose -u - 11 = -y. Let i(a) = a**2 + 5*a + 3. What is i(u)?
-3
Suppose 4*u - 8 - 16 = 0. Let r(j) = -2*j**2 + 14*j - 10. Let o be r(u). Let v(l) = 5 + 2*l**2 + 10*l + 0*l**2 - l**2 - o*l. Give v(-6).
-7
Let q(i) = 2*i. Suppose 5*y - 5*j = 115, -y - j = -0*y - 31. Let z be (-6)/y - (-43)/(-9). Give q(z).
-10
Suppose 4 = -4*j + 8*j + 2*o, -4*j + 3*o = 6. Let g(v) be the first derivative of 1/4*v**4 - 1/3*v**3 + 12 + 11*v + 1/2*v**2. Determine g(j).
11
Let f = -77 + 82. Suppose -f*j = -5*t, 3*t - 14 = -5*j + 10. Let n(g) = -2*g**2 + g + 3. What is n(t)?
-12
Let c(g) be the first derivative of -g**2 - 6*g + 7. Let k(w) = w**2 + 2*w - 9. Let r be k(-3). Calculate c(r).
6
Let o(g) = g**2 + 4*g + g + 40 - 31 + g. Determine o(-5).
4
Let x be (-8)/(-16) - (-10)/(-4). Let d(n) = -n**2 + 12. Let b be d(0). Let p(a) = -a**2 - 1 + b*a + 2*a**2 - 2 - 16*a. Determine p(x).
9
Let y be (-22)/(-5) + (-10)/25. Let h(i) = -6*i + 3 - 4 + 2*i**2 + y*i. Calculate h(4).
23
Let g(u) = -4*u - 4. Let z(w) be the first derivative of w**3/3 + 17*w**2/2 + 17*w + 44. Let y(f) = -9*g(f) - 2*z(f). Calculate y(2).
-2
Let k = -302 - -299. Let z(u) = -u + 4. Let c be z(4). Let g(a) = 2*a + c*a - 3*a + 3. Give g(k).
6
Let o(g) = -g**3 - 6*g**2 + 2*g - 3. Let j = -282 - -276. What is o(j)?
-15
Suppose -2*b - 4*b = 102. Let x = -13 - b. Suppose 2*z - 16 = x*z. Let o(d) = -d**3 - 8*d**2 + d. Give o(z).
-8
Let t(p) = -22*p + 1. Let g be -105 + 4 + 2/(-2). Let w = -101 - g. Calculate t(w).
-21
Let a = -5 - -1. Let t(d) be the second derivative of d**6/720 + 17*d**4/6 - 4*d + 3. Let p(z) be the third derivative of t(z). Determine p(a).
-4
Let z(c) be the second derivative of -2*c**3/3 - 3*c**2 - 249*c. What is z(-3)?
6
Let z(n) = -n**3 + 5*n**2 + 6*n + 7. Let y(r) = -r**3 + 4*r**2 + 5*r + 8. Let g = -47 - -49. Let v(x) = g*y(x) - 3*z(x). Calculate v(8).
-5
Let x(u) = u**3 - 14*u**2 - 2*u + 21. Let t be x(14). Let d(o) = -o**2 - 7*o + 6. What is d(t)?
6
Let b(v) = 17*v**3 + v**2 - v + 1. Let x(p) = p**2 + 3*p - 9. Suppose -37 = 4*c - 17. Let r be x(c). Give b(r).
18
Suppose 4*a = 4*z - 12, -2*z + 4*a = z - 8. Let n(l) = 6*l + z - 3*l - 3*l - 3*l. Let y be (2/5)/((-1)/(-10)). Calculate n(y).
-8
Let v(k) be the third derivative of k**9/60480 - k**8/3360 - k**7/560 + 7*k**6/720 + 2*k**5/15 + 13*k**2. Let h(y) be the third derivative of v(y). Give h(7).
-7
Let c(t) = 0 + t**3 + 5*t + 5 - 8 + 6*t**2 + 4 - t**2. Let v = 8 - 12. What is c(v)?
-3
Suppose 0 = -2*i - 0*i + 6. Let y(a) be the third derivative of -8*a**2 + 0*a + 1/120*a**6 + 0*a**3 - 1/12*a**5 + 1/8*a**4 + 0. Determine y(i).
-9
Let f = 73/3 - 289/12. Let w(d) be the first derivative of -f*d**4 - 3/2*d**2 + 1 + 4/3*d**3 + 2*d. Determine w(3).
2
Let h be (-5)/2*18*20/(-150). Let k(v) = -v**2 + 5*v - 3. What is k(h)?
-9
Let h(q) = -q**2 - 2*q - 3. Let s be -2 + -5 + 11 - 9. Determine h(s).
-18
Let w(f) = -3*f - 15. Suppose -s = s + 8. Let n be w(s). Let x(c) = -c**2 - 8*c - 2. What is x(n)?
13
Let i(g) = 8*g - 24. Let d be i(3). Let j(s) be the second derivative of s**3/6 + 5*s**2/2 - 4*s. Determine j(d).
5
Suppose 3*h + 3*f - 27 = 0, -h = -2*h + 4*f - 6. Let b(z) = h*z + 2*z - z**2 - 8*z. Calculate b(3).
-9
Let f(m) = 804 + 808 + 49*m - 10*m - 1613. Give f(-1).
-40
Let j(o) = -o**3 - 6*o**2 - 4*o + 4. Let k be j(-5). Let n(y) = 1 - 6*y**3 + 0*y**2 - 5*y + 7*y + 3*y**2 - 2*y**2. Calculate n(k).
6
Suppose 3*u + 5 = -a, -4*u - 15 = 3*a - 0. Suppose 3*o - 10 + 4 = u. Suppose 0 = -0*w + o*w - 2. Let b(m) = -5*m**2 - 2*m + 1. Calculate b(w).
-6
Suppose 8*l + 4*l - 12 = 0. Let d be l/5 + (-6)/((-60)/(-62)). Let a(p) be the first derivative of p**4/4 + 7*p**3/3 + 3*p**2 - 6*p - 1. Determine a(d).
-6
Let s(g) = g - 15. Let n(j) = -3*j